[INFO] fetching crate atsamx7x-hal 0.0.2...
[INFO] checking atsamx7x-hal-0.0.2 against try#72f88fc4e9458f89516a0b8b0868f3718aec5b47 for pr-74989
[INFO] extracting crate atsamx7x-hal 0.0.2 into /workspace/builds/worker-9/source
[INFO] validating manifest of crates.io crate atsamx7x-hal 0.0.2 on toolchain 72f88fc4e9458f89516a0b8b0868f3718aec5b47
[INFO] running `Command { std: "/workspace/cargo-home/bin/cargo" "+72f88fc4e9458f89516a0b8b0868f3718aec5b47" "read-manifest" "--manifest-path" "Cargo.toml", kill_on_drop: false }`
[INFO] started tweaking crates.io crate atsamx7x-hal 0.0.2
[INFO] finished tweaking crates.io crate atsamx7x-hal 0.0.2
[INFO] tweaked toml for crates.io crate atsamx7x-hal 0.0.2 written to /workspace/builds/worker-9/source/Cargo.toml
[INFO] running `Command { std: "/workspace/cargo-home/bin/cargo" "+72f88fc4e9458f89516a0b8b0868f3718aec5b47" "generate-lockfile" "--manifest-path" "Cargo.toml" "-Zno-index-update", kill_on_drop: false }`
[INFO] running `Command { std: "/workspace/cargo-home/bin/cargo" "+72f88fc4e9458f89516a0b8b0868f3718aec5b47" "fetch" "--locked" "--manifest-path" "Cargo.toml", kill_on_drop: false }`
[INFO] [stderr]  Downloading crates ...
[INFO] [stderr]   Downloaded atsams70q21b v0.0.2
[INFO] [stderr]   Downloaded atsams70j21b v0.0.2
[INFO] [stderr]   Downloaded atsams70q20 v0.0.2
[INFO] [stderr]   Downloaded atsams70n20 v0.0.2
[INFO] [stderr]   Downloaded atsams70n20b v0.0.2
[INFO] [stderr]   Downloaded atsame70n21b v0.0.2
[INFO] [stderr]   Downloaded atsams70n21 v0.0.2
[INFO] [stderr]   Downloaded atsame70q19b v0.0.2
[INFO] [stderr]   Downloaded atsams70j20b v0.0.2
[INFO] [stderr]   Downloaded atsams70n21b v0.0.2
[INFO] [stderr]   Downloaded atsame70n20b v0.0.2
[INFO] [stderr]   Downloaded atsams70j19 v0.0.2
[INFO] [stderr]   Downloaded atsame70q20b v0.0.2
[INFO] [stderr]   Downloaded atsame70q21b v0.0.2
[INFO] [stderr]   Downloaded atsame70j19b v0.0.2
[INFO] [stderr]   Downloaded atsame70j21b v0.0.2
[INFO] [stderr]   Downloaded atsams70q19 v0.0.2
[INFO] [stderr]   Downloaded atsams70j20 v0.0.2
[INFO] [stderr]   Downloaded atsams70n19b v0.0.2
[INFO] [stderr]   Downloaded atsame70j20b v0.0.2
[INFO] [stderr]   Downloaded atsams70q19b v0.0.2
[INFO] [stderr]   Downloaded atsame70n19b v0.0.2
[INFO] [stderr]   Downloaded atsams70j21 v0.0.2
[INFO] [stderr]   Downloaded atsams70j19b v0.0.2
[INFO] [stderr]   Downloaded atsams70n19 v0.0.2
[INFO] [stderr]   Downloaded atsams70q20b v0.0.2
[INFO] [stderr]   Downloaded atsams70q21 v0.0.2
[INFO] running `Command { std: "docker" "create" "-v" "/var/lib/crater-agent-workspace/builds/worker-9/target:/opt/rustwide/target:rw,Z" "-v" "/var/lib/crater-agent-workspace/builds/worker-9/source:/opt/rustwide/workdir:ro,Z" "-v" "/var/lib/crater-agent-workspace/cargo-home:/opt/rustwide/cargo-home:ro,Z" "-v" "/var/lib/crater-agent-workspace/rustup-home:/opt/rustwide/rustup-home:ro,Z" "-e" "SOURCE_DIR=/opt/rustwide/workdir" "-e" "CARGO_TARGET_DIR=/opt/rustwide/target" "-e" "CARGO_HOME=/opt/rustwide/cargo-home" "-e" "RUSTUP_HOME=/opt/rustwide/rustup-home" "-w" "/opt/rustwide/workdir" "-m" "1610612736" "--user" "0:0" "--network" "none" "rustops/crates-build-env@sha256:d92eaeed33fa75130ca1ee6c8a01d1ffb62bac859dfdfb3450e3e5d1c0146529" "/opt/rustwide/cargo-home/bin/cargo" "+72f88fc4e9458f89516a0b8b0868f3718aec5b47" "metadata" "--no-deps" "--format-version=1", kill_on_drop: false }`
[INFO] [stdout] aa2d779745d16383246f1ecf8479cb59cc27b659a55e342cad02ed092876c880
[INFO] [stderr] WARNING: Your kernel does not support swap limit capabilities or the cgroup is not mounted. Memory limited without swap.
[INFO] running `Command { std: "docker" "start" "-a" "aa2d779745d16383246f1ecf8479cb59cc27b659a55e342cad02ed092876c880", kill_on_drop: false }`
[INFO] running `Command { std: "docker" "inspect" "aa2d779745d16383246f1ecf8479cb59cc27b659a55e342cad02ed092876c880", kill_on_drop: false }`
[INFO] running `Command { std: "docker" "rm" "-f" "aa2d779745d16383246f1ecf8479cb59cc27b659a55e342cad02ed092876c880", kill_on_drop: false }`
[INFO] [stdout] aa2d779745d16383246f1ecf8479cb59cc27b659a55e342cad02ed092876c880
[INFO] running `Command { std: "docker" "create" "-v" "/var/lib/crater-agent-workspace/builds/worker-9/target:/opt/rustwide/target:rw,Z" "-v" "/var/lib/crater-agent-workspace/builds/worker-9/source:/opt/rustwide/workdir:ro,Z" "-v" "/var/lib/crater-agent-workspace/cargo-home:/opt/rustwide/cargo-home:ro,Z" "-v" "/var/lib/crater-agent-workspace/rustup-home:/opt/rustwide/rustup-home:ro,Z" "-e" "SOURCE_DIR=/opt/rustwide/workdir" "-e" "CARGO_TARGET_DIR=/opt/rustwide/target" "-e" "CARGO_INCREMENTAL=0" "-e" "RUST_BACKTRACE=full" "-e" "RUSTFLAGS=--cap-lints=forbid" "-e" "CARGO_HOME=/opt/rustwide/cargo-home" "-e" "RUSTUP_HOME=/opt/rustwide/rustup-home" "-w" "/opt/rustwide/workdir" "-m" "1610612736" "--user" "0:0" "--network" "none" "rustops/crates-build-env@sha256:d92eaeed33fa75130ca1ee6c8a01d1ffb62bac859dfdfb3450e3e5d1c0146529" "/opt/rustwide/cargo-home/bin/cargo" "+72f88fc4e9458f89516a0b8b0868f3718aec5b47" "check" "--frozen" "--all" "--all-targets" "--message-format=json", kill_on_drop: false }`
[INFO] [stdout] d1f07ae566d51dc89bc5c07005f3caeb0fc3846a34a51df3366b57a0deba7b67
[INFO] [stderr] WARNING: Your kernel does not support swap limit capabilities or the cgroup is not mounted. Memory limited without swap.
[INFO] running `Command { std: "docker" "start" "-a" "d1f07ae566d51dc89bc5c07005f3caeb0fc3846a34a51df3366b57a0deba7b67", kill_on_drop: false }`
[INFO] [stderr]    Compiling typenum v1.12.0
[INFO] [stderr]    Compiling semver-parser v0.7.0
[INFO] [stderr]     Checking stable_deref_trait v1.2.0
[INFO] [stderr]     Checking vcell v0.1.2
[INFO] [stderr]    Compiling cortex-m v0.6.3
[INFO] [stderr]     Checking nb v1.0.0
[INFO] [stderr]     Checking void v1.0.2
[INFO] [stderr]     Checking bitfield v0.13.2
[INFO] [stderr]     Checking nb v0.1.3
[INFO] [stderr]     Checking volatile-register v0.2.0
[INFO] [stderr]     Checking embedded-hal v0.2.4
[INFO] [stderr]    Compiling semver v0.9.0
[INFO] [stderr]    Compiling rustc_version v0.2.3
[INFO] [stderr]    Compiling bare-metal v0.2.5
[INFO] [stderr]     Checking generic-array v0.13.2
[INFO] [stderr]     Checking generic-array v0.12.3
[INFO] [stderr]     Checking as-slice v0.1.3
[INFO] [stderr]     Checking aligned v0.3.4
[INFO] [stderr]     Checking atsamx7x-hal v0.0.2 (/opt/rustwide/workdir)
[INFO] [stdout] error[E0433]: failed to resolve: maybe a missing crate `target_device`?
[INFO] [stdout]   --> src/serial.rs:33:12
[INFO] [stdout]    |
[INFO] [stdout] 33 | use crate::target_device::{
[INFO] [stdout]    |            ^^^^^^^^^^^^^ maybe a missing crate `target_device`?
[INFO] [stdout] 
[INFO] [stdout] 
[INFO] [stdout] error[E0432]: unresolved import `crate::target_device`
[INFO] [stdout]  --> src/serial.rs:2:12
[INFO] [stdout]   |
[INFO] [stdout] 2 | use crate::target_device::{ UART0, UART1, UART2, USART0, USART1 };
[INFO] [stdout]   |            ^^^^^^^^^^^^^ maybe a missing crate `target_device`?
[INFO] [stdout] 
[INFO] [stdout] 
[INFO] [stdout] error[E0412]: cannot find type `UARTRegisterBlock` in this scope
[INFO] [stdout]    --> src/serial.rs:150:22
[INFO] [stdout]     |
[INFO] [stdout] 150 | fn write_uart(regs: &UARTRegisterBlock, word: u8) -> nb::Result<(), Error> {
[INFO] [stdout]     |                      ^^^^^^^^^^^^^^^^^ not found in this scope
[INFO] [stdout] 
[INFO] [stdout] 
[INFO] [stdout] error[E0412]: cannot find type `USARTRegisterBlock` in this scope
[INFO] [stdout]    --> src/serial.rs:160:23
[INFO] [stdout]     |
[INFO] [stdout] 160 | fn write_usart(regs: &USARTRegisterBlock, word: u8) -> nb::Result<(), Error> {
[INFO] [stdout]     |                       ^^^^^^^^^^^^^^^^^^ not found in this scope
[INFO] [stdout] 
[INFO] [stdout] 
[INFO] [stdout] error[E0412]: cannot find type `UARTRegisterBlock` in this scope
[INFO] [stdout]    --> src/serial.rs:170:22
[INFO] [stdout]     |
[INFO] [stdout] 170 | fn flush_uart(regs: &UARTRegisterBlock) -> nb::Result<(), Error> {
[INFO] [stdout]     |                      ^^^^^^^^^^^^^^^^^ not found in this scope
[INFO] [stdout] 
[INFO] [stdout] 
[INFO] [stdout] error[E0412]: cannot find type `USARTRegisterBlock` in this scope
[INFO] [stdout]    --> src/serial.rs:178:23
[INFO] [stdout]     |
[INFO] [stdout] 178 | fn flush_usart(regs: &USARTRegisterBlock) -> nb::Result<(), Error> {
[INFO] [stdout]     |                       ^^^^^^^^^^^^^^^^^^ not found in this scope
[INFO] [stdout] 
[INFO] [stdout] 
[INFO] [stdout] error[E0433]: failed to resolve: maybe a missing crate `target_device`?
[INFO] [stdout]   --> src/serial.rs:33:12
[INFO] [stdout]    |
[INFO] [stdout] 33 | use crate::target_device::{
[INFO] [stdout]    |            ^^^^^^^^^^^^^ maybe a missing crate `target_device`?
[INFO] [stdout] 
[INFO] [stdout] 
[INFO] [stdout] error[E0432]: unresolved import `crate::target_device`
[INFO] [stdout]  --> src/serial.rs:2:12
[INFO] [stdout]   |
[INFO] [stdout] 2 | use crate::target_device::{ UART0, UART1, UART2, USART0, USART1 };
[INFO] [stdout]   |            ^^^^^^^^^^^^^ maybe a missing crate `target_device`?
[INFO] [stdout] 
[INFO] [stdout] 
[INFO] [stdout] error[E0412]: cannot find type `UARTRegisterBlock` in this scope
[INFO] [stdout]    --> src/serial.rs:150:22
[INFO] [stdout]     |
[INFO] [stdout] 150 | fn write_uart(regs: &UARTRegisterBlock, word: u8) -> nb::Result<(), Error> {
[INFO] [stdout]     |                      ^^^^^^^^^^^^^^^^^ not found in this scope
[INFO] [stdout] 
[INFO] [stdout] 
[INFO] [stdout] error[E0412]: cannot find type `USARTRegisterBlock` in this scope
[INFO] [stdout]    --> src/serial.rs:160:23
[INFO] [stdout]     |
[INFO] [stdout] 160 | fn write_usart(regs: &USARTRegisterBlock, word: u8) -> nb::Result<(), Error> {
[INFO] [stdout]     |                       ^^^^^^^^^^^^^^^^^^ not found in this scope
[INFO] [stdout] 
[INFO] [stdout] 
[INFO] [stdout] error[E0412]: cannot find type `UARTRegisterBlock` in this scope
[INFO] [stdout]    --> src/serial.rs:170:22
[INFO] [stdout]     |
[INFO] [stdout] 170 | fn flush_uart(regs: &UARTRegisterBlock) -> nb::Result<(), Error> {
[INFO] [stdout]     |                      ^^^^^^^^^^^^^^^^^ not found in this scope
[INFO] [stdout] 
[INFO] [stdout] 
[INFO] [stdout] error[E0412]: cannot find type `USARTRegisterBlock` in this scope
[INFO] [stdout]    --> src/serial.rs:178:23
[INFO] [stdout]     |
[INFO] [stdout] 178 | fn flush_usart(regs: &USARTRegisterBlock) -> nb::Result<(), Error> {
[INFO] [stdout]     |                       ^^^^^^^^^^^^^^^^^^ not found in this scope
[INFO] [stdout] 
[INFO] [stdout] 
[INFO] [stdout] error: aborting due to 6 previous errors
[INFO] [stdout] 
[INFO] [stdout] 
[INFO] [stdout] Some errors have detailed explanations: E0412, E0432, E0433.
[INFO] [stdout] 
[INFO] [stdout] For more information about an error, try `rustc --explain E0412`.
[INFO] [stdout] 
[INFO] [stderr] error: could not compile `atsamx7x-hal`.
[INFO] [stderr] 
[INFO] [stderr] To learn more, run the command again with --verbose.
[INFO] [stderr] warning: build failed, waiting for other jobs to finish...
[INFO] [stdout] error: aborting due to 6 previous errors
[INFO] [stdout] 
[INFO] [stdout] 
[INFO] [stdout] Some errors have detailed explanations: E0412, E0432, E0433.
[INFO] [stdout] 
[INFO] [stdout] For more information about an error, try `rustc --explain E0412`.
[INFO] [stdout] 
[INFO] [stderr] error: build failed
[INFO] running `Command { std: "docker" "inspect" "d1f07ae566d51dc89bc5c07005f3caeb0fc3846a34a51df3366b57a0deba7b67", kill_on_drop: false }`
[INFO] running `Command { std: "docker" "rm" "-f" "d1f07ae566d51dc89bc5c07005f3caeb0fc3846a34a51df3366b57a0deba7b67", kill_on_drop: false }`
[INFO] [stdout] d1f07ae566d51dc89bc5c07005f3caeb0fc3846a34a51df3366b57a0deba7b67
